= -f - a*u - 3, 0 = 5*f - 3*u - 151 + 26. What are the prime factors of f?
2, 11
Let o = 36 + -25. What are the prime factors of o?
11
Suppose 0 = 2*j - 2*p - 16, 4*p = 3*j - 2*j - 5. Suppose 4*c + 27 = -n - j, 4*c - 84 = 5*n. What are the prime factors of (2 - 3) + 1 - n?
2, 5
Let p = -4 + 4. List the prime factors of (-156)/(-12) + (p - 4).
3
Let w(h) = 2*h + 8. Let y be w(-9). Let a(p) = p**2 + 7*p + 7. Let c be a(-9). Let d = y + c. List the prime factors of d.
3, 5
Let m(s) = s - 2. Let o be m(12). What are the prime factors of -3*(0 + o/(-3))?
2, 5
Suppose -22*f = -16*f - 264. What are the prime factors of f?
2, 11
Let x = -10 - -60. List the prime factors of x.
2, 5
Suppose -5*q - 1 = -2*r - 11, -5*r + 10 = 5*q. Let n(s) = s. Let u be n(r). Suppose -3*z - 3*d + 45 = u, 0 = z + 4*z + d - 63. List the prime factors of z.
2, 3
Let f be (0 - 1) + (-9)/(-3). Suppose -c = f*g + 3*g - 9, -2*c + 3 = -5*g. List the prime factors of c.
2
Let k = 420 + -58. List the prime factors of k.
2, 181
Let n = -6 - -45. What are the prime factors of n?
3, 13
Let w(u) = u**3 + u**2 - 4*u - 1. Let b be w(-3). Let o(g) = -g**2 - 8*g + 6. List the prime factors of o(b).
13
Let b be (-17)/(-4) + 4/(-16). Suppose 0 = b*y - y. Suppose y = 2*i + 4*x - 30, i + 10 = x + 2*x. List the prime factors of i.
5
Let v(u) = -u**3 - 9*u**2 - u - 7. Let b be v(-9). Suppose -4*g = -b*g - 32. Suppose 2*w = 3*a - 16, 0*a + 2*a + 4*w = -g. What are the prime factors of a?
2
Suppose 0 = 2*x + x - 444. List the prime factors of x.
2, 37
Let i be 2/(2 + (-80)/38). Let c = 15 - 46. Let x = i - c. List the prime factors of x.
2, 3
Suppose 7*c - 3*c - 4 = 0, 2*c = -5*i - 28. List the prime factors of 2/i + 52/3.
17
Let r(z) = 4*z + 3. Let g be r(-2). Let b(c) = c**2 + 3*c + 7. List the prime factors of b(g).
17
Let o(u) = 2*u**2 + u. Let p be o(2). What are the prime factors of ((-420)/50)/((-3)/p)?
2, 7
Let p = -13 + 9. Let r be (0 - 0) + 2/(-1). Let l = r - p. List the prime factors of l.
2
Let l = -99 - -153. Suppose 151 = 3*j + 5*p, -4*j + 3*p + 128 = -l. What are the prime factors of j?
47
Let b(z) = z**2 - 10*z + 11. List the prime factors of b(12).
5, 7
Let r be 60/14 + (-2)/7. Suppose 2*h - 2*q = -6*q - 2, q = -r*h + 31. What are the prime factors of h?
3
Let n(t) = -12*t**3 - t**2 + 1. What are the prime factors of n(-1)?
2, 3
Let n = 18 + -12. Let o = 19 - n. List the prime factors of o.
13
Let d be 3/6*-2 + 0. Let m = 5 + d. Suppose -l - 21 = -m*q + 27, 5*l = -3*q + 13. What are the prime factors of q?
11
Let n = -2 + 3. Let w = 3 - n. List the prime factors of w.
2
Let z(g) = g**3 - 11*g**2 + 16*g - 12. Let a be z(10). Suppose a = 5*y - 3*h + 10, -y + 14 = h. List the prime factors of y.
2, 5
Suppose -16 = -x - i - 0, -3*x - 2*i + 50 = 0. Suppose 0 = -a + 5*a. Suppose a*t = 3*t - x. What are the prime factors of t?
2, 3
Let i(x) = 15*x + 12. What are the prime factors of i(6)?
2, 3, 17
Suppose 146 = -5*n + 501. What are the prime factors of n?
71
Let j(a) = 2*a**3 + 9*a**2 + 3*a. List the prime factors of j(-4).
2
Let j(q) = -q - 11. Suppose 0*f + 42 = -3*n + 2*f, -4*f = 0. What are the prime factors of j(n)?
3
Let w be (0/(-2))/2*1. Suppose q - 6*q + 35 = w. List the prime factors of q.
7
List the prime factors of -4*(1 - 2) + (-4 - -6).
2, 3
Suppose -13 = -5*z + 87. What are the prime factors of z?
2, 5
Suppose 0 = -4*a + 2*l - 5*l + 6, 4*a + 6 = 3*l. Suppose 0 = 2*d - a + 6. What are the prime factors of (5 - d) + 0/(-2)?
2
Let w = -21 - -38. Let p = -8 - -15. Let h = w - p. List the prime factors of h.
2, 5
Let m(y) = 6 + 5*y**2 - 11*y**2 - 7*y**2 + y**3 + 22*y**2. Let v(u) = -u - 9. Let a be v(0). List the prime factors of m(a).
2, 3
Suppose -4*n - f + 197 = -0*f, 3*f + 225 = 5*n. List the prime factors of n.
2, 3
Suppose 0 = 5*z - 24 - 76. Suppose -j + z = -0*j. Suppose 3*l - j = -l. List the prime factors of l.
5
Suppose -3 = d - 7. Suppose 3*b + k = 3, 4*k = 2*b - d - 12. Suppose w = -b*j + 25, -3*j + 33 = -0*j - 3*w. What are the prime factors of j?
2, 3
Let m(r) be the third derivative of -r**5/60 + 7*r**3/6 + r**2. List the prime factors of m(0).
7
Let w = 0 + 2. Let v be w/(-6) + (-93)/(-9). Let j = v - 7. List the prime factors of j.
3
Let l(y) = 18*y - 2. What are the prime factors of l(3)?
2, 13
Let n = 279 - 145. List the prime factors of n.
2, 67
Let l(d) = -3*d - 2*d - d**2 + 4*d - d**2. Let m be l(-1). Let f = m - -14. What are the prime factors of f?
13
What are the prime factors of ((-52)/(-10))/(-2 + 142/70)?
2, 7, 13
Suppose 22 = 4*g - 2*n, 5*n - 7 = -4*g + 2*n. Let h(z) = z**2 + 10*z + 13. Let f be h(-9). List the prime factors of 6/f + 22/g.
7
Let y(u) = -2*u - 3. Let a = -8 - -4. Let j be y(a). Suppose 4*w - 18 = -2*d, 0 = -5*w - j*d + 3 + 7. What are the prime factors of w?
7
Let l = -1 + 72. What are the prime factors of l?
71
Suppose 5 = -4*u + 41. What are the prime factors of u?
3
Let v = -23 + 58. What are the prime factors of v?
5, 7
Let o be (-10)/(-5) - (1 + -3). Suppose -o*l + 21 = -l. List the prime factors of l.
7
Suppose -2*r + 0*y + 2 = 5*y, 36 = 5*r - 3*y. What are the prime factors of r?
2, 3
Suppose 32 = 5*r - 4*d, 2*d + 7 = -2*r - 3*d. Suppose -5 = r*g - 13. Suppose g*s + 5*h = -5 - 3, 5*h = -3*s - 2. What are the prime factors of s?
2, 3
Suppose 0 = 3*q - 5*f - 560, 4*q - 735 = -2*f + 55. What are the prime factors of q?
3, 5, 13
Suppose -o + 0*r = -3*r - 57, 2*o = -r + 107. What are the prime factors of o?
2, 3
Suppose 4*j + 11 = -5. What are the prime factors of (-4)/(-8) - 30/j?
2
Let n(i) = 4*i - 3. List the prime factors of n(5).
17
Suppose -2*f - 22 = -p - 3*p, 4*f = -20. Let s be ((-1)/(-2))/((-2)/(-88)). Suppose 0*m + m + p*g = s, -m - 2*g = -17. What are the prime factors of m?
7
Let z(x) = -25*x - 2. What are the prime factors of z(-1)?
23
Suppose -4*j - 7 = -27. Suppose 4*v + j = 21. Suppose 0 = -5*a + 2*t + 66, -3*a + v*t - 6 + 40 = 0. List the prime factors of a.
2, 7
Let g(n) = -2*n + 13. Let o be g(11). Let s(z) = z**3 + 5*z**2 + 4*z + 1. Let x be s(-5). What are the prime factors of o/18 - x/2?
3
Let u(m) = m**3 - m**2 + m - 1. Let a(x) = 7*x**3 - 5*x**2 + 2*x - 3. Let f(v) = a(v) - 4*u(v). What are the prime factors of f(2)?
17
Let f(w) = w**3 + 2*w + 1. Let j = 12 - 6. Suppose -j = -n - 2*n. What are the prime factors of f(n)?
13
Let i = 55 + -12. List the prime factors of i.
43
Let i(m) = -m**3 - 2*m**2 - 2. Suppose 4*j + 2*x + 20 = 0, 2*x + x + 18 = -3*j. Let l be i(j). Suppose -3*u + l = -0*u. List the prime factors of u.
2, 5
Suppose 0 = -4*z - 2*x + 38, 14 + 17 = 3*z + 2*x. Suppose 42 = -6*r + z*r. List the prime factors of r.
2, 3, 7
Let p = 6 - 1. Suppose 3 - 13 = p*d. List the prime factors of (-2)/8*d*26.
13
Suppose -2*t - 3*y = -15, -3*y + 20 = -t + y. List the prime factors of 17 - (t - -4 - 2).
3, 5
Suppose 2*t = 4 + 6. Suppose -4*d + 2*v + 28 = -2*v, -t*d + v = -19. List the prime factors of -3*((-1)/d - 1).
2
Let y = -77 - -221. Suppose 0 = 7*g - 3*g - y. List the prime factors of g.
2, 3
Let s(z) = -27*z - 3. Let u be -4*2*(-3)/(-12). Let k be s(u). What are the prime factors of 3*4/(36/k)?
17
List the prime factors of 1/(-3 + -1 + 441/110).
2, 5, 11
Let p = 8 - 8. Let f(o) = 5*o - 18. Let j(h) = -3*h + 12. Let z(q) = 5*f(q) + 8*j(q). List the prime factors of z(p).
2, 3
Let x(t) = 11*t**3 - t. Let s be 3 - -1*(-6)/3. List the prime factors of x(s).
2, 5
Let n be ((-6)/(-12))/((-2)/72). Let q = n + 30. What are the prime factors of q?
2, 3
Let o(t) = -t**3 + 6*t**2 + 9*t - 9. Let u be o(7). Suppose 13 = u*g + 3. List the prime factors of g.
2
Suppose 2*n - 7 + 17 = 0. Let f(t) = t**3 + 5*t**2 - 3*t - 7. List the prime factors of f(n).
2
Let v = 27 + -16. Let x(z) = z**3 - 10*z**2 - 10*z - 7. Let m be x(v). Suppose 3*s = m*h - 66, s = h + 5*s - 7. What are the prime factors of h?
3, 5
Let o(l) = -l - 1. Let f be o(-5). Suppose 16 = f*k - 20. Suppose k = 4*i + 1. What are the prime factors of i?
2
Let t be (-2)/(-10) + 64/5. What are the prime factors of (9 + -8)/(1/t)?
13
Let j = -164 + 114. Let u = -28 - j. What are the prime factors of u?
2, 11
Suppose 3*a + 4*y = 53, 0 = -2*a - 2*a - 3*y + 59. Let u = 24 - a. List the prime factors of u.
13
Suppose t = 4*t + q - 59, -99 = -5*t - q. Let c = t